{"id":1927,"date":"2019-01-30T12:48:59","date_gmt":"2019-01-30T15:48:59","guid":{"rendered":"https:\/\/www.blue-net.com.ar\/web\/?page_id=1927"},"modified":"2019-01-30T12:59:06","modified_gmt":"2019-01-30T15:59:06","slug":"desarrollo","status":"publish","type":"page","link":"https:\/\/www.blue-net.com.ar\/web\/desarrollo\/","title":{"rendered":"Dise\u00f1o Web"},"content":{"rendered":"<p>[vc_row css=&#8221;.vc_custom_1444386097573{padding-bottom: 30px !important;}&#8221;][vc_column width=&#8221;1\/3&#8243;][vc_column_text]<\/p>\n<h3 class=\"verde montserrat\"><strong><span style=\"color: #ff9900;\"><a href=\"https:\/\/www.blue-net.com.ar\/web\/wp-content\/uploads\/2019\/01\/paginas-web-profesionales-consideraciones.jpg\"><img loading=\"lazy\" class=\"alignnone size-medium wp-image-1936\" src=\"https:\/\/www.blue-net.com.ar\/web\/wp-content\/uploads\/2019\/01\/paginas-web-profesionales-consideraciones-300x166.jpg\" alt=\"\" width=\"300\" height=\"166\" srcset=\"https:\/\/www.blue-net.com.ar\/web\/wp-content\/uploads\/2019\/01\/paginas-web-profesionales-consideraciones-300x166.jpg 300w, https:\/\/www.blue-net.com.ar\/web\/wp-content\/uploads\/2019\/01\/paginas-web-profesionales-consideraciones.jpg 570w\" sizes=\"(max-width: 300px) 100vw, 300px\" \/><\/a><\/span><\/strong><\/h3>\n<h3 class=\"verde montserrat\"><strong><span style=\"color: #ff9900;\">ASESORAMIENTO<\/span><\/strong><\/h3>\n<p class=\"blanco montserrat\">Siempre vas a poder contar con nosotros para elaborar presupuestos, consultar sobre las posibilidades que se le pueden brindar al cliente, y tambi\u00e9n hacer todas las preguntas que necesites para mejorar tu oferta de servicios.<\/p>\n<p>[\/vc_column_text][\/vc_column][vc_column width=&#8221;1\/3&#8243;][vc_column_text]<\/p>\n<h3 class=\"verde montserrat\"><strong><span style=\"color: #33cccc;\"><a href=\"https:\/\/www.blue-net.com.ar\/web\/wp-content\/uploads\/2019\/01\/tecnologia-de-paginas-web-profesionales.jpg\"><img loading=\"lazy\" class=\"alignnone size-medium wp-image-1937\" src=\"https:\/\/www.blue-net.com.ar\/web\/wp-content\/uploads\/2019\/01\/tecnologia-de-paginas-web-profesionales-300x178.jpg\" alt=\"\" width=\"300\" height=\"178\" srcset=\"https:\/\/www.blue-net.com.ar\/web\/wp-content\/uploads\/2019\/01\/tecnologia-de-paginas-web-profesionales-300x178.jpg 300w, https:\/\/www.blue-net.com.ar\/web\/wp-content\/uploads\/2019\/01\/tecnologia-de-paginas-web-profesionales.jpg 530w\" sizes=\"(max-width: 300px) 100vw, 300px\" \/><\/a><\/span><\/strong><\/h3>\n<h3 class=\"verde montserrat\"><strong><span style=\"color: #33cccc;\">MAQUETACI\u00d3N<\/span><\/strong><\/h3>\n<p class=\"blanco montserrat\">Tenemos m\u00e1s de 10 a\u00f1os de experiencia transformando layouts en sitios web funcionales y efectivos.<\/p>\n<p>[\/vc_column_text][\/vc_column][vc_column width=&#8221;1\/3&#8243;][vc_column_text]<\/p>\n<h3 class=\"verde montserrat\"><strong><span style=\"color: #339966;\"><a href=\"https:\/\/www.blue-net.com.ar\/web\/wp-content\/uploads\/2019\/01\/empresas.gif\"><img loading=\"lazy\" class=\"alignnone size-medium wp-image-1938\" src=\"https:\/\/www.blue-net.com.ar\/web\/wp-content\/uploads\/2019\/01\/empresas-300x200.gif\" alt=\"\" width=\"300\" height=\"200\" \/><\/a><\/span><\/strong><\/h3>\n<h3 class=\"verde montserrat\"><strong><span style=\"color: #339966;\">DESARROLLO<\/span><\/strong><\/h3>\n<p class=\"blanco montserrat\">Podemos brindarte soluciones de eCommerce, sitios autoadministrables, y proyectos que requieran programaci\u00f3n avanzada.<\/p>\n<p>[\/vc_column_text][\/vc_column][\/vc_row][vc_row css=&#8221;.vc_custom_1444385326165{padding-top: 50px !important;padding-bottom: 50px !important;background-color: #f0f0f0 !important;}&#8221;][vc_column animate=&#8221;fadeinup&#8221; time=&#8221;0.2&#8243; el_class=&#8221;text-center&#8221;][vc_column_text]<\/p>\n<h1 class=\"lh50 fw700 light mb32\" style=\"text-align: center;\">Dise\u00f1o de P\u00e1ginas Web<\/h1>\n<h2 class=\"light lh40 mb39\" style=\"text-align: center;\">Somos\u00a0<span class=\"fw700\">un equipo<\/span>:<br \/>\nabierto, creativo, 100% digital.<\/h2>\n<p>[\/vc_column_text][vc_column_text]<\/p>\n<h1 class=\"verde tandelle\" style=\"text-align: center;\">EMPRESAS &amp; EMPRENDIMIENTOS<\/h1>\n<p class=\"negro montserrat\">NOS DEDICAMOS A BRINDARTE SOLUCIONES COMPLETAS, PENSADAS EN CONJUNTO CON VOS PARA POTENCIAR TU NEGOCIO Y TUS OBJETIVOS.<\/p>\n<p class=\"verde montserrat\">EN BLUE-NET WEBHOSTING TE PODEMOS OFRECER:<\/p>\n<ul class=\"verde montserrat\">\n<li style=\"text-align: left;\">Crear una vida digital exitosa para tu empresa, proyecto \u00f3 emprendimiento.<\/li>\n<li style=\"text-align: left;\">Si ya ten\u00e9s presencia online: mejorar tu exposici\u00f3n y resultados.<\/li>\n<li style=\"text-align: left;\">Contar con nuestra experiencia para lograr la mejor relaci\u00f3n costo-beneficio.<\/li>\n<\/ul>\n<p>[\/vc_column_text][vc_column_text]<\/p>\n<h1 style=\"text-align: center;\">P\u00e1ginas Web Profesionales<\/h1>\n<h3>El dise\u00f1o de una p\u00e1gina web profesional requiere el dominio de diferentes habilidades:<\/h3>\n<p>el dise\u00f1o gr\u00e1fico web, el dise\u00f1o de interfaces, el desarrollo de c\u00f3digo y software propietario y la optimizaci\u00f3n para motores de b\u00fasqueda[\/vc_column_text][vc_column_text]consideramos igual de importante que un sitio sea atractivo, el cual cumpla con todas las directrices de mercadotecnia y de uso y que funcione cada una de las aplicaciones de manera transparente y sencilla para el usuario final.<\/p>\n<p>Nuestra meta es crear p\u00e1ginas web profesionales que cumplan y excedan sus expectativas y tambi\u00e9n las nuestras ya que cada proyecto es un reto que nos estimula para poner en pr\u00e1ctica nuestros conocimientos, mismos que mantenemos siempre a la vanguardia.<\/p>\n<p>Vea las siguientes pesta\u00f1as para conocer otros aspectos importantes del desarrollo de p\u00e1ginas web.<\/p>\n<p>.[\/vc_column_text][vc_column_text]<\/p>\n<h1 style=\"text-align: center;\"><strong>CONTACTENOS<\/strong><\/h1>\n<h2><a href=\"http:\/\/www.blue-net.com.ar\/osticket\/\">Contactenos<\/a> para poder saber mucho mejor su proyecto y cotizar el mismo<\/h2>\n<p>[\/vc_column_text]\r\n  <ul class=\"connecticons\">\r\n    <li><a target=\"_blank\" href=\"https:\/\/www.facebook.com\/Blue-Net-Webhosting-Hosting-Minorista-y-Mayorista-84198839194\/\"><i class=\"fa fa-facebook\"><\/i><\/a><\/li> \r\n  <\/ul>  \r\n\r\n  [\/vc_column][\/vc_row][vc_row css=&#8221;.vc_custom_1444386077205{padding-top: 70px !important;padding-bottom: 70px !important;}&#8221;][vc_column width=&#8221;1\/3&#8243; animate=&#8221;fadeinleft&#8221; time=&#8221;0.2&#8243;]\r\n  <div class=\"about-us-links\">\r\n    <i class=\"fa fa-file-text\"><\/i>        <h3>Quienes Somos<\/h3>\r\n    <p><\/p>\n<div class=\"iw-heading blackTitle style2 \">\n<p class=\"iwh-content\">ESPECIALISTAS EN BRINDAR SOLUCIONES EN LA NUBE<\/p>\n<\/div>\n<div class=\"wpb_text_column wpb_content_element vc_custom_1547730747018\">\n<div class=\"wpb_wrapper\">\n<p><strong>En Blue-Net Webhosting tenemos como premisa brindar las mejores soluciones y servicios en la nube, comprometi\u00e9ndonos a garantizar d\u00eda a d\u00eda tu experiencia con nosotros.<\/strong><\/p>\n<p>Formamos Blue-Net Webhosting a partir de la uni\u00f3n de las dos principales compa\u00f1\u00edas de servicios de\u00a0internet y alojamiento web de Am\u00e9rica Latina: MilHosting y Blue-Net Webhosting. Logramos de\u00a0esta forma proveer servicios con la m\u00e1s alta tecnolog\u00eda existente en el mercado avalados por\u00a0una experiencia de m\u00e1s de 15 a\u00f1os en la actividad.<\/p>\n<p><strong>Nos encontramos dedicados exclusivamente a brindar Soluciones en la nube, implementando siempre los \u00faltimos avances tecnol\u00f3gicos que ofrezcan servicios de m\u00e1ximo nivel. Nuestra infraestructura, recursos y experiencia le permitir\u00e1, a tu negocio o empresa, obtener una clara ventaja competitiva en la nueva econom\u00eda digital.<\/strong><\/p>\n<p><strong>Nuestro trabajo se centra en el cliente. Nuestro objetivo es darte una atenci\u00f3n personalizada.<\/strong><\/p>\n<p>Buscamos cubrir tus necesidades, no s\u00f3lo desde el punto de vista del producto ofrecido, sino desde un marco mucho m\u00e1s amplio, haciendo hincapi\u00e9 en el profesionalismo, asesoramiento t\u00e9cnico, honestidad, seguridad e innovaci\u00f3n permanente. Tenemos la firme convicci\u00f3n de que estos valores nos permiten crear v\u00ednculos a largo plazo y relaciones duraderas con cada uno de nuestros clientes.<\/p>\n<\/div>\n<\/div>\n<p><\/p>\r\n    <div class=\"cta-button\"><p><span><a href=\"https:\/\/www.blue-net.com.ar\/web\/contact\/\">Contactanos<\/a><\/span><\/p><\/div>  <\/div>    \r\n\r\n  [\/vc_column][vc_column width=&#8221;1\/3&#8243; animate=&#8221;fadeinleft&#8221; time=&#8221;0.4&#8243;]\r\n  <div class=\"about-us-links\">\r\n    <i class=\"fa fa-twitch\"><\/i>        <h3>Testimonios<\/h3>\r\n    <p><\/p>\n<h3>Satisfacci\u00f3n total para\u00a0<strong>+100.000<\/strong>\u00a0importantes clientes<\/h3>\n<p><\/p>\r\n    <div class=\"cta-button\"><p><span><a href=\"https:\/\/www.blue-net.com.ar\/web\/testimonials\/\">Leer m\u00e1s<\/a><\/span><\/p><\/div>  <\/div>    \r\n\r\n  [\/vc_column][vc_column width=&#8221;1\/3&#8243; animate=&#8221;fadeinleft&#8221; time=&#8221;0.6&#8243;]\r\n  <div class=\"about-us-links\">\r\n    <i class=\"fa fa-envelope\"><\/i>        <h3>Contacto<\/h3>\r\n    <p>Puede contactarnos por medio de los medios<\/p>\r\n    <div class=\"cta-button\"><p><span><a href=\"https:\/\/www.blue-net.com.ar\/web\/contact\/\">Leer m\u00e1s<\/a><\/span><\/p><\/div>  <\/div>    \r\n\r\n  [\/vc_column][\/vc_row][vc_row css=&#8221;.vc_custom_1445508267249{padding-top: 50px !important;padding-bottom: 50px !important;background-color: #f0f0f0 !important;}&#8221;][vc_column]\r\n\t<div class=\"logos\">\r\n    \t                 \t\r\n\t        <div class=\"item\"><img src=\"https:\/\/www.blue-net.com.ar\/web\/wp-content\/uploads\/2015\/10\/3.png\" alt=\"3\"><\/div>\r\n                               \t\r\n\t        <div class=\"item\"><img src=\"https:\/\/www.blue-net.com.ar\/web\/wp-content\/uploads\/2015\/10\/4.png\" alt=\"4\"><\/div>\r\n                               \t\r\n\t        <div class=\"item\"><img src=\"https:\/\/www.blue-net.com.ar\/web\/wp-content\/uploads\/2015\/10\/5.png\" alt=\"5\"><\/div>\r\n                               \t\r\n\t        <div class=\"item\"><img src=\"https:\/\/www.blue-net.com.ar\/web\/wp-content\/uploads\/2015\/10\/6.png\" alt=\"6\"><\/div>\r\n                               \t\r\n\t        <div class=\"item\"><img src=\"https:\/\/www.blue-net.com.ar\/web\/wp-content\/uploads\/2015\/10\/7.png\" alt=\"7\"><\/div>\r\n                               \t\r\n\t        <div class=\"item\"><img src=\"https:\/\/www.blue-net.com.ar\/web\/wp-content\/uploads\/2015\/10\/8.png\" alt=\"8\"><\/div>\r\n                               \t\r\n\t        <div class=\"item\"><img src=\"https:\/\/www.blue-net.com.ar\/web\/wp-content\/uploads\/2015\/10\/9.png\" alt=\"9\"><\/div>\r\n                <\/div>\r\n\r\n  <script type=\"text\/javascript\">\r\n  (function($) {\r\n  \"use strict\";\r\n    $(\".logos\").owlCarousel({\r\n\r\n        autoPlay: 5000,\r\n        items: 6,\r\n        itemsDesktop: [1199, 6-1],\r\n        itemsDesktopSmall: [979, 6-2],\r\n        pagination: false\r\n\r\n    });\r\n  })(jQuery);\r\n  <\/script>     \r\n\r\n\t[\/vc_column][\/vc_row]<\/p>\n","protected":false},"excerpt":{"rendered":"<p>[vc_row css=&#8221;.vc_custom_1444386097573{padding-bottom: 30px !important;}&#8221;][vc_column width=&#8221;1\/3&#8243;][vc_column_text] ASESORAMIENTO Siempre vas a poder contar con nosotros para elaborar presupuestos, consultar sobre las posibilidades que se le pueden brindar al cliente, y tambi\u00e9n hacer todas las preguntas que necesites para mejorar tu oferta de servicios. [\/vc_column_text][\/vc_column][vc_column width=&#8221;1\/3&#8243;][vc_column_text] MAQUETACI\u00d3N Tenemos m\u00e1s de 10 a\u00f1os de experiencia transformando layouts en sitios web funcionales y efectivos. [\/vc_column_text][\/vc_column][vc_column width=&#8221;1\/3&#8243;][vc_column_text] DESARROLLO Podemos brindarte soluciones de eCommerce, sitios autoadministrables, y proyectos que requieran programaci\u00f3n avanzada. [&hellip;]<\/p>\n","protected":false},"author":1,"featured_media":0,"parent":0,"menu_order":0,"comment_status":"closed","ping_status":"closed","template":"page-templates\/template-fullwidth.php","meta":[],"_links":{"self":[{"href":"https:\/\/www.blue-net.com.ar\/web\/wp-json\/wp\/v2\/pages\/1927"}],"collection":[{"href":"https:\/\/www.blue-net.com.ar\/web\/wp-json\/wp\/v2\/pages"}],"about":[{"href":"https:\/\/www.blue-net.com.ar\/web\/wp-json\/wp\/v2\/types\/page"}],"author":[{"embeddable":true,"href":"https:\/\/www.blue-net.com.ar\/web\/wp-json\/wp\/v2\/users\/1"}],"replies":[{"embeddable":true,"href":"https:\/\/www.blue-net.com.ar\/web\/wp-json\/wp\/v2\/comments?post=1927"}],"version-history":[{"count":12,"href":"https:\/\/www.blue-net.com.ar\/web\/wp-json\/wp\/v2\/pages\/1927\/revisions"}],"predecessor-version":[{"id":1947,"href":"https:\/\/www.blue-net.com.ar\/web\/wp-json\/wp\/v2\/pages\/1927\/revisions\/1947"}],"wp:attachment":[{"href":"https:\/\/www.blue-net.com.ar\/web\/wp-json\/wp\/v2\/media?parent=1927"}],"curies":[{"name":"wp","href":"https:\/\/api.w.org\/{rel}","templated":true}]}}