{"id":2151,"date":"2024-08-28T15:33:38","date_gmt":"2024-08-28T18:33:38","guid":{"rendered":"https:\/\/www.blue-net.com.ar\/web\/?page_id=2151"},"modified":"2024-08-28T20:25:27","modified_gmt":"2024-08-28T23:25:27","slug":"marketing","status":"publish","type":"page","link":"https:\/\/www.blue-net.com.ar\/web\/marketing\/","title":{"rendered":"Marketing"},"content":{"rendered":"\n<figure class=\"wp-block-pullquote\"><blockquote><p>\u00a0Nuestro equipo de profesionales te ofrece llevar a cabo una estrategia efectiva de <strong>Marketing de Redes Sociales<\/strong> garantizando la presencia de la marca en internet lo que impulsar\u00e1 las ventas con un alcance sin precedentes y oportunidades sin fin para promocionar sus productos, servicios con contenido de valor.<\/p><\/blockquote><\/figure>\n\n\n\n<ul><li><strong>Alcance masivo<\/strong> Las redes sociales tienen miles de millones de usuarios activos en todo el mundo, lo que ofrece un alcance sin precedentes para llegar a una audiencia diversa y global.<\/li><\/ul>\n\n\n\n<ul><li><strong>Conexi\u00f3n con la audiencia <\/strong>Las redes sociales proporcionan una plataforma para interactuar directamente con la audiencia, lo que permite construir relaciones m\u00e1s s\u00f3lidas y aut\u00e9nticas con los clientes potenciales y existentes.<\/li><\/ul>\n\n\n\n<ul><li><strong>Visibilidad de la marca<\/strong> Estar presente en redes sociales aumenta la visibilidad de la marca y la conciencia del producto o servicio entre los usuarios, lo que puede generar m\u00e1s reconocimiento y confianza en la marca.<\/li><\/ul>\n\n\n\n<ul><li><strong>Generaci\u00f3n de leads y ventas<\/strong> El marketing en redes sociales puede impulsar la generaci\u00f3n de leads y ventas al dirigir el tr\u00e1fico a tu sitio web, promocionar productos o servicios, y facilitar la conversi\u00f3n de seguidores en clientes.<\/li><\/ul>\n\n\n\n<ul><li><strong>Fomento de la lealtad del cliente.<\/strong> Al interactuar regularmente con la audiencia, responder preguntas, proporcionar soporte y compartir contenido \u00fatil, las marcas pueden fomentar la lealtad y el compromiso a largo plazo con sus seguidores.<\/li><\/ul>\n\n\n\n<ul><li><strong>Retroalimentaci\u00f3n instant\u00e1nea<\/strong> Las redes sociales ofrecen una plataforma para recibir comentarios instant\u00e1neos de la audiencia sobre productos, servicios o campa\u00f1as, lo que permite a las marcas ajustar su enfoque en tiempo real seg\u00fan las necesidades y preferencias de los clientes.<\/li><\/ul>\n\n\n\n<ul><li><strong>Segmentaci\u00f3n y personalizaci\u00f3n<\/strong> Las plataformas de redes sociales ofrecen herramientas avanzadas de segmentaci\u00f3n que permiten dirigirse a audiencias espec\u00edficas seg\u00fan criterios demogr\u00e1ficos, geogr\u00e1ficos, intereses y comportamientos en l\u00ednea, lo que aumenta la efectividad de las campa\u00f1as de marketing.<\/li><\/ul>\n\n\n\n<p><\/p>\n\n\n\n<div class=\"wp-block-image\"><figure class=\"aligncenter size-large is-resized\"><a href=\"https:\/\/www.blue-net.com.ar\/web\/wp-content\/uploads\/2024\/08\/redes.jpg\"><img loading=\"lazy\" src=\"https:\/\/www.blue-net.com.ar\/web\/wp-content\/uploads\/2024\/08\/redes.jpg\" alt=\"\" class=\"wp-image-2198\" width=\"564\" height=\"337\" srcset=\"https:\/\/www.blue-net.com.ar\/web\/wp-content\/uploads\/2024\/08\/redes.jpg 474w, https:\/\/www.blue-net.com.ar\/web\/wp-content\/uploads\/2024\/08\/redes-300x179.jpg 300w\" sizes=\"(max-width: 564px) 100vw, 564px\" \/><\/a><\/figure><\/div>\n\n\n\n<p>\u00a1Descubre c\u00f3mo podemos ayudarte a alcanzar tus objetivos! <a href=\"https:\/\/www.blue-net.com.ar\/web\/contacto\/\" data-type=\"URL\" data-id=\"https:\/\/www.blue-net.com.ar\/web\/contacto\/\">Contacta con nosotros <\/a><\/p>\n","protected":false},"excerpt":{"rendered":"<p>\u00a0Nuestro equipo de profesionales te ofrece llevar a cabo una estrategia efectiva de Marketing de Redes Sociales garantizando la presencia de la marca en internet lo que impulsar\u00e1 las ventas con un alcance sin precedentes y oportunidades sin fin para promocionar sus productos, servicios con contenido de valor. Alcance masivo Las redes sociales tienen miles de millones de usuarios activos en todo el mundo, lo que ofrece un alcance sin precedentes para llegar a una [&hellip;]<\/p>\n","protected":false},"author":1,"featured_media":0,"parent":0,"menu_order":0,"comment_status":"closed","ping_status":"closed","template":"","meta":[],"_links":{"self":[{"href":"https:\/\/www.blue-net.com.ar\/web\/wp-json\/wp\/v2\/pages\/2151"}],"collection":[{"href":"https:\/\/www.blue-net.com.ar\/web\/wp-json\/wp\/v2\/pages"}],"about":[{"href":"https:\/\/www.blue-net.com.ar\/web\/wp-json\/wp\/v2\/types\/page"}],"author":[{"embeddable":true,"href":"https:\/\/www.blue-net.com.ar\/web\/wp-json\/wp\/v2\/users\/1"}],"replies":[{"embeddable":true,"href":"https:\/\/www.blue-net.com.ar\/web\/wp-json\/wp\/v2\/comments?post=2151"}],"version-history":[{"count":7,"href":"https:\/\/www.blue-net.com.ar\/web\/wp-json\/wp\/v2\/pages\/2151\/revisions"}],"predecessor-version":[{"id":2212,"href":"https:\/\/www.blue-net.com.ar\/web\/wp-json\/wp\/v2\/pages\/2151\/revisions\/2212"}],"wp:attachment":[{"href":"https:\/\/www.blue-net.com.ar\/web\/wp-json\/wp\/v2\/media?parent=2151"}],"curies":[{"name":"wp","href":"https:\/\/api.w.org\/{rel}","templated":true}]}}