{"id":2154,"date":"2024-08-28T15:33:39","date_gmt":"2024-08-28T18:33:39","guid":{"rendered":"https:\/\/www.blue-net.com.ar\/web\/?page_id=2154"},"modified":"2024-08-28T20:33:02","modified_gmt":"2024-08-28T23:33:02","slug":"redes-sociales","status":"publish","type":"page","link":"https:\/\/www.blue-net.com.ar\/web\/redes-sociales\/","title":{"rendered":"Redes Sociales"},"content":{"rendered":"\n<figure class=\"wp-block-pullquote\"><blockquote><p>SERVICIO DE COMMUNITY MANAGER<\/p><\/blockquote><\/figure>\n\n\n\n<p>Actualmente las personas le dan mucha importancia a las <strong>Redes Sociales.<\/strong> El 80% del tiempo que usan navegando por internet es dedicado a las <strong>Redes Sociales<\/strong>, por eso es muy importante para cualquier marca estar presente en las redes.<\/p>\n\n\n\n<p> El&nbsp;<strong>Community Manager<\/strong>&nbsp;es un profesional de marketing digital responsable de la gesti\u00f3n y desarrollo de la comunidad online de una marca o empresa en el mundo digital.  Es la cara visible de tu marca en las Redes Sociales, va a generar contenido relevante para tus potenciales clientes y generar lazos entre tu marca y el p\u00fablico objetivo. <\/p>\n\n\n\n<p>Te ofrecemos gestionar presencia activa en Facebook, Instagram, Youtube, Twitter, Tik Tok y Linkedin, entre las m\u00e1s importantes. Tenemos experiencia y te asesoraremos a potenciar estas herramientas con los objetivos que definamos.<\/p>\n\n\n\n<div class=\"wp-block-image\"><figure class=\"aligncenter size-large is-resized\"><a href=\"https:\/\/www.blue-net.com.ar\/web\/wp-content\/uploads\/2024\/08\/ensemble-icones.jpg\"><img loading=\"lazy\" src=\"https:\/\/www.blue-net.com.ar\/web\/wp-content\/uploads\/2024\/08\/ensemble-icones.jpg\" alt=\"\" class=\"wp-image-2192\" width=\"696\" height=\"696\" srcset=\"https:\/\/www.blue-net.com.ar\/web\/wp-content\/uploads\/2024\/08\/ensemble-icones.jpg 826w, https:\/\/www.blue-net.com.ar\/web\/wp-content\/uploads\/2024\/08\/ensemble-icones-300x300.jpg 300w, https:\/\/www.blue-net.com.ar\/web\/wp-content\/uploads\/2024\/08\/ensemble-icones-150x150.jpg 150w, https:\/\/www.blue-net.com.ar\/web\/wp-content\/uploads\/2024\/08\/ensemble-icones-768x768.jpg 768w\" sizes=\"(max-width: 696px) 100vw, 696px\" \/><\/a><\/figure><\/div>\n\n\n\n<p>Nuestro equipo llevar\u00e1 una\u00a0<strong>gesti\u00f3n eficaz<\/strong> de\u00a0las redes sociales de tu marca\/empresa lo que permitir\u00e1 promocionarla de forma subliminal, interactuar con los seguidores y crear un v\u00ednculo emocional con los clientes. Una gesti\u00f3n exitosa se ver\u00e1 recompensado con una\u00a0<strong>reputaci\u00f3n<\/strong>\u00a0positiva y una\u00a0<strong>imagen de marca<\/strong>\u00a0s\u00f3lida.\u00a0<\/p>\n\n\n\n<p>Potencia tu presencia en las redes sociales con un experto en Community Management que gestione tus cuentas y aumente tu visibilidad, <a href=\"https:\/\/www.blue-net.com.ar\/web\/contacto\/\" data-type=\"URL\" data-id=\"https:\/\/www.blue-net.com.ar\/web\/contacto\/\">cont\u00e1ctanos ya mismo! <\/a><\/p>\n","protected":false},"excerpt":{"rendered":"<p>SERVICIO DE COMMUNITY MANAGER Actualmente las personas le dan mucha importancia a las Redes Sociales. El 80% del tiempo que usan navegando por internet es dedicado a las Redes Sociales, por eso es muy importante para cualquier marca estar presente en las redes. El&nbsp;Community Manager&nbsp;es un profesional de marketing digital responsable de la gesti\u00f3n y desarrollo de la comunidad online de una marca o empresa en el mundo digital. Es la cara visible de tu [&hellip;]<\/p>\n","protected":false},"author":1,"featured_media":0,"parent":0,"menu_order":0,"comment_status":"closed","ping_status":"closed","template":"","meta":[],"_links":{"self":[{"href":"https:\/\/www.blue-net.com.ar\/web\/wp-json\/wp\/v2\/pages\/2154"}],"collection":[{"href":"https:\/\/www.blue-net.com.ar\/web\/wp-json\/wp\/v2\/pages"}],"about":[{"href":"https:\/\/www.blue-net.com.ar\/web\/wp-json\/wp\/v2\/types\/page"}],"author":[{"embeddable":true,"href":"https:\/\/www.blue-net.com.ar\/web\/wp-json\/wp\/v2\/users\/1"}],"replies":[{"embeddable":true,"href":"https:\/\/www.blue-net.com.ar\/web\/wp-json\/wp\/v2\/comments?post=2154"}],"version-history":[{"count":5,"href":"https:\/\/www.blue-net.com.ar\/web\/wp-json\/wp\/v2\/pages\/2154\/revisions"}],"predecessor-version":[{"id":2214,"href":"https:\/\/www.blue-net.com.ar\/web\/wp-json\/wp\/v2\/pages\/2154\/revisions\/2214"}],"wp:attachment":[{"href":"https:\/\/www.blue-net.com.ar\/web\/wp-json\/wp\/v2\/media?parent=2154"}],"curies":[{"name":"wp","href":"https:\/\/api.w.org\/{rel}","templated":true}]}}