{"id":781,"date":"2015-10-08T10:06:26","date_gmt":"2015-10-08T10:06:26","guid":{"rendered":"http:\/\/localhost\/cloudme\/?page_id=781"},"modified":"2019-01-20T20:46:41","modified_gmt":"2019-01-20T23:46:41","slug":"testimonials","status":"publish","type":"page","link":"https:\/\/www.blue-net.com.ar\/web\/testimonials\/","title":{"rendered":"Testimonios"},"content":{"rendered":"<p>[vc_row css=&#8221;.vc_custom_1444298815668{padding-top: 50px !important;padding-bottom: 50px !important;}&#8221;][vc_column][vc_column_text]<\/p>\n<h2 style=\"text-align: center;\"><strong>REVIEWS &amp; RESE\u00d1AS Y TESTIMONIOS DE VIDEO DE NUESTROS CLIENTES<\/strong><\/h2>\n<p class=\"titulo\">+15 A\u00d1OS DE EXPERIENCIA Y<br \/>\n+100 PROFESIONALES CALIFICADOS<br \/>\nA TU DISPOSICI\u00d3N<\/p>\n<p>No s\u00f3lo se trata de contar con la \u00faltima tecnolog\u00eda sino tambi\u00e9n de recibir apoyo cuando lo necesitas.<\/p>\n<p>Tu negocio y objetivos son \u00fanicos y el servicio de\u00a0<strong>web hosting<\/strong>\u00a0tambi\u00e9n debe serlo. En Blue-Net Webhosting te ayudamos a que alcances tus metas con atenci\u00f3n personalizada y soluciones a tu medida.[\/vc_column_text][vc_empty_space height=&#8221;30px&#8221;]\r\n  <div id=\"testimonials-carousel\" class=\"owl-carousel\">\r\n    \r\n    <div class=\"item\">\r\n      <div class=\"whoclient\"><span>Pablo Rodriguez, Onlic Network, ARGENTINA<\/span><\/div>\r\n      <div class=\"testimonial-content\">\r\n        <p>Recomiendo absolutamente a Blue-Net Webhosting como servicio de Hosting profesional. Hoy por hoy tengo todos mis sitios permanentemente funcionando, sin problemas ni interrupciones.<br \/>\nEl servicio es excelente en todos los aspectos que cubre una empresa de Hosting: eficiencia y confiabilidad, comodidad y rapidez, calidad t\u00e9cnica, atenci\u00f3n inmediata.<br \/>\nRealmente la atenci\u00f3n es muy buena, siempre que sugi\u00f3 un problema lo solucionaron en el menor tiempo posible.<br \/>\nVeo de parte de todos los que trabajan en Blue-Net Webhostingun esfuerzo permanente por cumplir su labor e incluso superarse diariamente para brindar el mejor servicio.<br \/>\nNo me quedan m\u00e1s que palabras de agradecimientos para el grupo humano profesional que compone la empresa. Sigan as\u00ed y gracias por todo!<\/p>\n      <\/div>\r\n    <\/div>\r\n    \r\n    <div class=\"item\">\r\n      <div class=\"whoclient\"><span>Leonardo Di Gregorio, ARGENTINA<\/span><\/div>\r\n      <div class=\"testimonial-content\">\r\n        <p>Estimados, Patricio Herrero y Staff Blue-Net Webhosting: Por la presente, y luego de haber cumplido mi Primer A\u00f1o en mi emprendimiento profesional como fot\u00f3grafo, quiero expresar mi ferviente agradecimiento por vuestro servicio y acompa\u00f1amiento, que ha sido important\u00edsimo para superar un primer a\u00f1o dif\u00edcil y con las todas las fuerzas para emprender un nueva temporada, contando con Uds. con un servicio de actualidad, excelencia y de confianza, que siga as\u00ed.<br \/>\nGratitud y buenos augurios para todos.<br \/>\nSaludos cordiales<\/p>\n      <\/div>\r\n    <\/div>\r\n    \r\n    <div class=\"item\">\r\n      <div class=\"whoclient\"><span>Ing. Idalicio H. Calixto, VERACRUZ, M\u00c9XICO de CEO SINETIC<\/span><\/div>\r\n      <div class=\"testimonial-content\">\r\n        <p>Es una excelente herramienta que me ha sido de gran utilidad para hacerles llegar boletines sobre cursos a mis ex-alumnos de Instituto Tecnol\u00f3gico Superior de Jes\u00fas Carranza. Estoy muy agradecido con Blue-Net Webhosting por poner a nuestro alcance estas valiosas herramientas.<\/p>\n<p>Saludos cordiales.<\/p>\n      <\/div>\r\n    <\/div>\r\n    \r\n    <div class=\"item\">\r\n      <div class=\"whoclient\"><span>Adri\u00e1n Basedas, Dise\u00f1ador Web, URUGUAY<\/span><\/div>\r\n      <div class=\"testimonial-content\">\r\n        <p>Excelente Servicio.<br \/>\nMuy buen programa de Tickets de Consultas, de muy pronta respuesta.<br \/>\nTotalmente Recomendable.<\/p>\n      <\/div>\r\n    <\/div>\r\n    \r\n    <div class=\"item\">\r\n      <div class=\"whoclient\"><span>Nano, Dise\u00f1o Web Multimedia, SAN NICOL\u00c1S, ARGENTINA<\/span><\/div>\r\n      <div class=\"testimonial-content\">\r\n        <p>Llevo 2 a\u00f1os con Blue-Net Webhosting y me da gusto ver c\u00f3mo van creciendo y c\u00f3mo nos sorprenden con constantes mejoras en servicio y calidad.<br \/>\nEnhorabuena por todo.<\/p>\n      <\/div>\r\n    <\/div>\r\n    \r\n    <div class=\"item\">\r\n      <div class=\"whoclient\"><span>Juan Pablo, Estudiante, BAHIA BLANCA, ARGENTINA<\/span><\/div>\r\n      <div class=\"testimonial-content\">\r\n        <p>Estoy muy contento con sus servicios y la verdad los recomiendo.<br \/>\nSigan as\u00ed.<\/p>\n      <\/div>\r\n    <\/div>\r\n    \t<\/div>\r\n\r\n\t[\/vc_column][\/vc_row]<\/p>\n","protected":false},"excerpt":{"rendered":"<p>[vc_row css=&#8221;.vc_custom_1444298815668{padding-top: 50px !important;padding-bottom: 50px !important;}&#8221;][vc_column][vc_column_text] REVIEWS &amp; RESE\u00d1AS Y TESTIMONIOS DE VIDEO DE NUESTROS CLIENTES +15 A\u00d1OS DE EXPERIENCIA Y +100 PROFESIONALES CALIFICADOS A TU DISPOSICI\u00d3N No s\u00f3lo se trata de contar con la \u00faltima tecnolog\u00eda sino tambi\u00e9n de recibir apoyo cuando lo necesitas. Tu negocio y objetivos son \u00fanicos y el servicio de\u00a0web hosting\u00a0tambi\u00e9n debe serlo. En Blue-Net Webhosting te ayudamos a que alcances tus metas con atenci\u00f3n personalizada y soluciones a tu [&hellip;]<\/p>\n","protected":false},"author":1,"featured_media":0,"parent":0,"menu_order":0,"comment_status":"closed","ping_status":"closed","template":"page-templates\/template-fullwidth.php","meta":[],"_links":{"self":[{"href":"https:\/\/www.blue-net.com.ar\/web\/wp-json\/wp\/v2\/pages\/781"}],"collection":[{"href":"https:\/\/www.blue-net.com.ar\/web\/wp-json\/wp\/v2\/pages"}],"about":[{"href":"https:\/\/www.blue-net.com.ar\/web\/wp-json\/wp\/v2\/types\/page"}],"author":[{"embeddable":true,"href":"https:\/\/www.blue-net.com.ar\/web\/wp-json\/wp\/v2\/users\/1"}],"replies":[{"embeddable":true,"href":"https:\/\/www.blue-net.com.ar\/web\/wp-json\/wp\/v2\/comments?post=781"}],"version-history":[{"count":4,"href":"https:\/\/www.blue-net.com.ar\/web\/wp-json\/wp\/v2\/pages\/781\/revisions"}],"predecessor-version":[{"id":1519,"href":"https:\/\/www.blue-net.com.ar\/web\/wp-json\/wp\/v2\/pages\/781\/revisions\/1519"}],"wp:attachment":[{"href":"https:\/\/www.blue-net.com.ar\/web\/wp-json\/wp\/v2\/media?parent=781"}],"curies":[{"name":"wp","href":"https:\/\/api.w.org\/{rel}","templated":true}]}}