{"id":935,"date":"2015-10-12T10:03:56","date_gmt":"2015-10-12T10:03:56","guid":{"rendered":"http:\/\/localhost\/cloudme\/?page_id=935"},"modified":"2019-01-30T16:37:11","modified_gmt":"2019-01-30T19:37:11","slug":"cloud-vps","status":"publish","type":"page","link":"https:\/\/www.blue-net.com.ar\/web\/cloud-vps\/","title":{"rendered":"Cloud VPS"},"content":{"rendered":"<p>[vc_row][vc_column][vc_column_text]<\/p>\n<h2 style=\"text-align: center;\"><strong>EMPEZAR ES F\u00c1CIL.<\/strong><\/h2>\n<h1>Servidores Privados Virtuales<\/h1>\n<p class=\"subtitle\"><strong>VPS DE ALTA CAPACIDAD<\/strong><\/p>\n<p><strong>Servidores VPS<\/strong>\u00a0<em>(Servidor Privado Virtual)<\/em>\u00a0administrados al 100% por nuestros t\u00e9cnicos. Con sistemas\u00a0<strong>Linux<\/strong>\u00a0y virtualizados con\u00a0<strong>tecnolog\u00eda Xen<\/strong>, vienen equipados con el panel de control web multidominio[\/vc_column_text][vc_column_text]<\/p>\n<h2 style=\"text-align: center;\">PAGA POR MES, TRIMESTRE, SEMESTRE, ANUAL O BI-ANUAL<\/h2>\n<p>[\/vc_column_text][\/vc_column][\/vc_row][vc_row css=&#8221;.vc_custom_1444798098182{padding-top: 50px !important;padding-bottom: 50px !important;}&#8221;][vc_column width=&#8221;1\/3&#8243; css=&#8221;.vc_custom_1444809833507{padding-right: 0px !important;padding-left: 0px !important;}&#8221;]\r\n <div class=\"vps-order-steps\">\r\n      <img class=\"img-responsive center-block smscrimg\" src=\"https:\/\/www.blue-net.com.ar\/web\/wp-content\/uploads\/2015\/10\/vps_step_1.png\" alt=\"\" \/>            <div class=\"order-circle\">\r\n        <div class=\"line hidden-xs\"><\/div>\r\n        <span>1<\/span>\r\n      <\/div>\r\n            <div class=\"padd-15\">\r\n        <h3>Elija un plan de VPS en la nube<\/h3>\r\n        <\/p>\n<h2>Los Servidor VPS poseen m\u00e1s capacidad<br \/>\npara sus p\u00e1ginas web que un alojamiento compartido.<\/h2>\n<div class=\"col04\">\n<h3>La soluci\u00f3n para los que no necesitan la potencia de un Servidor Dedicado.<\/h3>\n<p>Nuestros Servidores VPS y Reseller tienen sus recursos garantizados para asegurar que sus p\u00e1ginas cargan r\u00e1pidamente, ya que estos no se comparten con ning\u00fan otro usuario.<\/p>\n<\/div>\n<div class=\"col04\">\n<h3>Servidor VPS con tecnolog\u00eda Xen.<\/h3>\n<p>Nuestros Servidores est\u00e1n potenciados con tecnolog\u00eda Xen que nos permite monitorizar, hacer copias de seguridad y restaurar sin afectar el rendimiento de su servidor en cualquier momento consiguiendo que podamos ofrecer los servidores m\u00e1s robustos y din\u00e1micos en el mercado.<\/p>\n<\/div>\n<p>      <\/div>\r\n  <\/div>\r\n\r\n  [\/vc_column][vc_column width=&#8221;1\/3&#8243; css=&#8221;.vc_custom_1444799317526{padding-right: 0px !important;padding-left: 0px !important;}&#8221;]\r\n <div class=\"vps-order-steps\">\r\n      <img class=\"img-responsive center-block smscrimg\" src=\"https:\/\/www.blue-net.com.ar\/web\/wp-content\/uploads\/2015\/10\/vps_step_2.png\" alt=\"\" \/>            <div class=\"order-circle\">\r\n        <div class=\"line hidden-xs\"><\/div>\r\n        <span>2<\/span>\r\n      <\/div>\r\n            <div class=\"padd-15\">\r\n        <h3>Cree su cuenta<\/h3>\r\n        <\/p>\n<h2>Contrate el Cloud<\/h2>\n<h2>Servidor Ampliado a su medida<\/h2>\n<p>Usted puede aumentar cualquier recurso sin necesidad de modificar otro, s\u00f3lo pagar\u00e1 la diferencia entre su plan actual y el nuevo hasta su siguiente cuota, a partir de la cual pagar\u00e1 el precio del nuevo plan.<\/p>\n<h2>Discos SSD Premium<\/h2>\n<p>**A la hora de configurar su Servidor VPS, usted tiene la opci\u00f3n de seleccionar la \u00faltima tecnolog\u00eda en discos SSD. Con estos discos s\u00f3lidos har\u00e1 que su servidor web realice las peticiones de lectura y escritura en una fracci\u00f3n del tiemp      <\/div>\r\n  <\/div>\r\n\r\n  [\/vc_column][vc_column width=&#8221;1\/3&#8243; css=&#8221;.vc_custom_1444809837575{padding-right: 0px !important;padding-left: 0px !important;}&#8221;]\r\n <div class=\"vps-order-steps\">\r\n      <img class=\"img-responsive center-block smscrimg\" src=\"https:\/\/www.blue-net.com.ar\/web\/wp-content\/uploads\/2015\/10\/vps_step_3.png\" alt=\"\" \/>            <div class=\"order-circle\">\r\n        <div class=\"line hidden-xs\"><\/div>\r\n        <span>3<\/span>\r\n      <\/div>\r\n            <div class=\"padd-15\">\r\n        <h3>Lanza tu VPS<\/h3>\r\n        Elija un lanzamiento de su VPS Cloud o\u00a0 VPS Plan      <\/div>\r\n  <\/div>\r\n\r\n  [\/vc_column][\/vc_row][vc_row css=&#8221;.vc_custom_1444799502221{padding-bottom: 70px !important;}&#8221;][vc_column width=&#8221;1\/4&#8243; animate=&#8221;fadeinup&#8221; time=&#8221;0.2&#8243;]\r\n  <div class=\"comparison \">\r\n    <div class=\"title-alt\">Nodo 2<\/div>\r\n    <div class=\"pricing-table alter \">\r\n    <\/p>\n<ul>\n<li class=\"description\"><b>1 vCPU<\/b><\/li>\n<li>1GB RAM<\/li>\n<li>1 TB de transferencia<\/li>\n<li>5 GB Disco SSD Storage<\/li>\n<li>24\/7 Monitoreo Seguro<\/li>\n<li>24\/7 Soporte T\u00e9cnico<\/li>\n<\/ul>\n<p>Espacio de Disco SSD libre de Sistema operativo    <div class=\"price\"><span>$ 960 <sub>MENSUAL<\/sub><\/span><\/div>    <li class=\"cta-button\"><p><span><a href=\"http:\/\/www.blue-net.com.ar\/clientes\/order.php?step=1&#038;productGroup=31&#038;product=277\">Contratar<\/a><\/span><\/p><\/li>    <\/div>\r\n  <\/div>\r\n\r\n  [\/vc_column][vc_column width=&#8221;1\/4&#8243; animate=&#8221;fadeinup&#8221; time=&#8221;0.4&#8243;]\r\n  <div class=\"pricingboxes\">\r\n    <div class=\"title\">Nodo 3<\/div>\r\n    <div class=\"pricing-table\">\r\n      <\/p>\n<ul>\n<li class=\"description\"><b>1 vCPU<\/b><\/li>\n<li>1GB RAM<\/li>\n<li>1 TB de transferencia<\/li>\n<li>10 GB Disco SSD Storage (Libre del Sistema operativo)<\/li>\n<li>24\/7 Monitoreo Seguro<\/li>\n<li>24\/7 Soporte T\u00e9cnico<\/li>\n<\/ul>\n<div class=\"price\"><span>$1094<\/span>MENSUAL<\/div>\r\n      <div class=\"cta-button\"><p><span><a href=\"http:\/\/www.blue-net.com.ar\/clientes\/order.php?step=1&#038;productGroup=31&#038;product=233\">Contratar<\/a><\/span><\/p><\/div>\r\n    <\/div>\r\n  <\/div>\r\n\r\n  [\/vc_column][vc_column width=&#8221;1\/4&#8243; animate=&#8221;fadeinup&#8221; time=&#8221;0.6&#8243;]\r\n  <div class=\"pricingboxes\">\r\n    <div class=\"title\">Nodo 4<\/div>\r\n    <div class=\"pricing-table\">\r\n      <\/p>\n<ul>\n<li class=\"description\"><b>2 vCPU<\/b><\/li>\n<li>2 GB RAM<\/li>\n<li>1 TB de transferencia<\/li>\n<li>20 GB Disco SSD Storage (Libre del Sistema operativo)<\/li>\n<li>24\/7 Monitoreo Seguro<\/li>\n<li>24\/7 Soporte T\u00e9cnico<\/li>\n<\/ul>\n<div class=\"price\"><span>$1310<\/span>MENSUAL<\/div>\r\n      <div class=\"cta-button\"><p><span><a href=\"http:\/\/www.blue-net.com.ar\/clientes\/order.php?step=1&#038;productGroup=31&#038;product=234\">Contratar<\/a><\/span><\/p><\/div>\r\n    <\/div>\r\n  <\/div>\r\n\r\n  [\/vc_column][vc_column width=&#8221;1\/4&#8243; animate=&#8221;fadeinup&#8221; time=&#8221;0.8&#8243;]\r\n  <div class=\"pricingboxes\">\r\n    <div class=\"title\">Nodo 5<\/div>\r\n    <div class=\"pricing-table\">\r\n      <\/p>\n<ul>\n<li class=\"description\"><b>2 vCPU<\/b><\/li>\n<li>4 GB RAM<\/li>\n<li>1 TB de transferencia<\/li>\n<li>40 GB Disco SSD Storage (Libre del Sistema operativo)<\/li>\n<li>24\/7 Monitoreo Seguro<\/li>\n<li>24\/7 Soporte T\u00e9cnico<\/li>\n<\/ul>\n<div class=\"price\"><span>$1516<\/span>MENSUAL<\/div>\r\n      <div class=\"cta-button\"><p><span><a href=\"http:\/\/www.blue-net.com.ar\/clientes\/order.php?step=1&#038;productGroup=31&#038;product=235\">Contratar<\/a><\/span><\/p><\/div>\r\n    <\/div>\r\n  <\/div>\r\n\r\n  [\/vc_column][\/vc_row][vc_row][vc_column width=&#8221;1\/3&#8243;]\r\n  <div class=\"pricingboxes\">\r\n    <div class=\"title\">Nodo 6<\/div>\r\n    <div class=\"pricing-table\">\r\n      <\/p>\n<ul>\n<li class=\"description\"><b>4 vCPU<\/b><\/li>\n<li>8 GB RAM<\/li>\n<li>1 TB de transferencia<\/li>\n<li>50 GB Disco SSD Storage (Libre del Sistema operativo)<\/li>\n<li>24\/7 Monitoreo Seguro<\/li>\n<li>24\/7 Soporte T\u00e9cnico<\/li>\n<\/ul>\n<div class=\"price\"><span>$ 5739<\/span>MENSUAL<\/div>\r\n      <div class=\"cta-button\"><p><span><a href=\"http:\/\/www.blue-net.com.ar\/clientes\/order.php?step=1&#038;productGroup=31&#038;product=236\">Contratar<\/a><\/span><\/p><\/div>\r\n    <\/div>\r\n  <\/div>\r\n\r\n  [\/vc_column][vc_column width=&#8221;1\/3&#8243;]\r\n  <div class=\"pricingboxes\">\r\n    <div class=\"title\">Nodo 7<\/div>\r\n    <div class=\"pricing-table\">\r\n      <\/p>\n<ul>\n<li class=\"description\"><b>8 vCPU<\/b><\/li>\n<li>16 GB RAM<\/li>\n<li>1 TB de transferencia<\/li>\n<li>60 GB Disco SSD Storage (Libre del Sistema operativo)<\/li>\n<li>24\/7 Monitoreo Seguro<\/li>\n<li>24\/7 Soporte T\u00e9cnico<\/li>\n<\/ul>\n<div class=\"price\"><span>$ 6148<\/span>MENSUAL<\/div>\r\n      <div class=\"cta-button\"><p><span><a href=\"http:\/\/www.blue-net.com.ar\/clientes\/order.php?step=1&#038;productGroup=31&#038;product=237\">Contratar<\/a><\/span><\/p><\/div>\r\n    <\/div>\r\n  <\/div>\r\n\r\n  [\/vc_column][vc_column width=&#8221;1\/3&#8243;]\r\n  <div class=\"pricingboxes\">\r\n    <div class=\"title\">Cloud Server Email<\/div>\r\n    <div class=\"pricing-table\">\r\n      <\/p>\n<ul>\n<li class=\"description\"><b>1 vCPU<\/b><\/li>\n<li>1GB RAM<\/li>\n<li>1 TB de transferencia<\/li>\n<li>10 GB Disco SSD Storage (Libre del Sitema operativo)<\/li>\n<li>24\/7 Monitoreo Seguro<\/li>\n<li>24\/7 Soporte T\u00e9cnico<\/li>\n<\/ul>\n<div class=\"price\"><span>$ 1020<\/span>MENSUAL<\/div>\r\n      <div class=\"cta-button\"><p><span><a href=\"http:\/\/www.blue-net.com.ar\/clientes\/order.php?step=1&#038;productGroup=31&#038;product=278\">Contratar<\/a><\/span><\/p><\/div>\r\n    <\/div>\r\n  <\/div>\r\n\r\n  [\/vc_column][\/vc_row]<\/p>\n","protected":false},"excerpt":{"rendered":"<p>[vc_row][vc_column][vc_column_text] EMPEZAR ES F\u00c1CIL. Servidores Privados Virtuales VPS DE ALTA CAPACIDAD Servidores VPS\u00a0(Servidor Privado Virtual)\u00a0administrados al 100% por nuestros t\u00e9cnicos. Con sistemas\u00a0Linux\u00a0y virtualizados con\u00a0tecnolog\u00eda Xen, vienen equipados con el panel de control web multidominio[\/vc_column_text][vc_column_text] PAGA POR MES, TRIMESTRE, SEMESTRE, ANUAL O BI-ANUAL [\/vc_column_text][\/vc_column][\/vc_row][vc_row css=&#8221;.vc_custom_1444798098182{padding-top: 50px !important;padding-bottom: 50px !important;}&#8221;][vc_column width=&#8221;1\/3&#8243; css=&#8221;.vc_custom_1444809833507{padding-right: 0px !important;padding-left: 0px !important;}&#8221;][\/vc_column][vc_column width=&#8221;1\/3&#8243; css=&#8221;.vc_custom_1444799317526{padding-right: 0px !important;padding-left: 0px !important;}&#8221;][\/vc_column][vc_column width=&#8221;1\/3&#8243; css=&#8221;.vc_custom_1444809837575{padding-right: 0px !important;padding-left: 0px !important;}&#8221;][\/vc_column][\/vc_row][vc_row css=&#8221;.vc_custom_1444799502221{padding-bottom: 70px !important;}&#8221;][vc_column width=&#8221;1\/4&#8243; animate=&#8221;fadeinup&#8221; time=&#8221;0.2&#8243;][\/vc_column][vc_column width=&#8221;1\/4&#8243; animate=&#8221;fadeinup&#8221; time=&#8221;0.4&#8243;][\/vc_column][vc_column [&hellip;]<\/p>\n","protected":false},"author":1,"featured_media":0,"parent":0,"menu_order":0,"comment_status":"closed","ping_status":"closed","template":"page-templates\/template-fullwidth.php","meta":[],"_links":{"self":[{"href":"https:\/\/www.blue-net.com.ar\/web\/wp-json\/wp\/v2\/pages\/935"}],"collection":[{"href":"https:\/\/www.blue-net.com.ar\/web\/wp-json\/wp\/v2\/pages"}],"about":[{"href":"https:\/\/www.blue-net.com.ar\/web\/wp-json\/wp\/v2\/types\/page"}],"author":[{"embeddable":true,"href":"https:\/\/www.blue-net.com.ar\/web\/wp-json\/wp\/v2\/users\/1"}],"replies":[{"embeddable":true,"href":"https:\/\/www.blue-net.com.ar\/web\/wp-json\/wp\/v2\/comments?post=935"}],"version-history":[{"count":14,"href":"https:\/\/www.blue-net.com.ar\/web\/wp-json\/wp\/v2\/pages\/935\/revisions"}],"predecessor-version":[{"id":1965,"href":"https:\/\/www.blue-net.com.ar\/web\/wp-json\/wp\/v2\/pages\/935\/revisions\/1965"}],"wp:attachment":[{"href":"https:\/\/www.blue-net.com.ar\/web\/wp-json\/wp\/v2\/media?parent=935"}],"curies":[{"name":"wp","href":"https:\/\/api.w.org\/{rel}","templated":true}]}}